46
What is the highest common divisor of 1394179552 and 16?
16
Calculate the greatest common factor of 1511655912 and 3978.
3978
What is the highest common factor of 13233 and 1023?
33
What is the greatest common divisor of 441076562 and 6333?
2111
What is the highest common factor of 54912 and 1326936?
312
Calculate the greatest common divisor of 2217112 and 200610.
1486
Calculate the greatest common factor of 42061971 and 7.
7
Calculate the greatest common factor of 12977209 and 5194.
2597
Calculate the highest common divisor of 3921923 and 60249.
2869
What is the greatest common divisor of 551 and 35534465?
19
What is the greatest common divisor of 493425 and 3993453?
6579
What is the greatest common divisor of 638565240 and 4440?
4440
Calculate the highest common divisor of 376 and 3024121.
47
What is the highest common factor of 5089 and 196399?
7
Calculate the greatest common divisor of 2420 and 420236630.
1210
What is the highest common divisor of 230269201 and 3143?
449
What is the highest common factor of 28435 and 96818590?
2585
What is the highest common divisor of 1716 and 6457880?
572
What is the greatest common factor of 14769 and 98145?
27
Calculate the greatest common factor of 120 and 3802488.
24
What is the greatest common divisor of 6336 and 28165632?
2112
Calculate the greatest common divisor of 170180 and 247900.
1340
What is the greatest common divisor of 353662 and 13329776?
3646
Calculate the highest common factor of 160961984 and 4044.
1348
What is the highest common factor of 43631 and 648991?
161
Calculate the highest common factor of 832974165 and 75.
15
Calculate the greatest common divisor of 1541920811 and 193.
193
What is the highest common divisor of 89579 and 8005361?
469
What is the greatest common factor of 3873180 and 3384?
12
What is the highest common divisor of 150696 and 1476?
36
What is the greatest common factor of 36208 and 40702318?
4526
Calculate the greatest common divisor of 6113563 and 2152.
269
Calculate the highest common divisor of 1470516 and 7471.
31
What is the highest common divisor of 5 and 150021475?
5
What is the highest common divisor of 2300 and 374575?
25
Calculate the highest common divisor of 765639 and 6.
3
What is the greatest common divisor of 121962934 and 19804?
9902
Calculate the greatest common divisor of 391345442 and 452.
226
Calculate the greatest common divisor of 2163 and 43007650.
721
What is the greatest common factor of 79775679 and 6324?
1581
What is the highest common divisor of 211853460 and 184?
92
What is the greatest common divisor of 3137076 and 1465468?
3748
Calculate the highest common factor of 68428852 and 474.
158
What is the greatest common factor of 12 and 18495812?
4
Calculate the highest common divisor of 5397120 and 450.
90
What is the highest common factor of 2669590 and 13090?
770
Calculate the greatest common factor of 535444 and 4732.
364
Calculate the greatest common factor of 1632 and 28116147.
51
Calculate the highest common factor of 142926 and 14160867.
861
What is the greatest common divisor of 244 and 439958962?
122
What is the highest common factor of 800 and 2788400?
400
Calculate the highest common divisor of 2414 and 5425110.
142
What is the greatest common divisor of 578797086 and 336?
42
What is the highest common divisor of 288 and 1566560?
32
Calculate the greatest common divisor of 9888 and 11288594.
206
Calculate the greatest common divisor of 60 and 47647948.
4
Calculate the highest common factor of 548000 and 4100.
100
Calculate the greatest common factor of 1608905 and 181955.
755
What is the greatest common divisor of 388 and 8855518?
194
What is the greatest common divisor of 141810 and 42630?
870
What is the greatest common divisor of 45403476 and 55077?
5007
What is the highest common divisor of 14 and 98180264?
14
What is the greatest common divisor of 121136 and 36845232?
1808
Calculate the highest common factor of 8225 and 128035050.
1175
Calculate the greatest common factor of 369957 and 40992.
21
Calculate the greatest common factor of 73685392 and 352.
176
Calculate the greatest common divisor of 2291878 and 453.
151
What is the highest common divisor of 16858963 and 836?
11
What is the highest common factor of 98622221 and 214?
107
Calculate the highest common divisor of 225 and 9602217.
9
What is the greatest common divisor of 3024 and 7590132?
108
What is the greatest common factor of 7050658 and 5608?
1402
What is the greatest common factor of 1160337 and 694266?
1383
What is the highest common divisor of 10025813 and 8911?
469
Calculate the highest common factor of 499360 and 26720.
160
Calculate the greatest common divisor of 33440 and 868120.
440
Calculate the highest common divisor of 130 and 87938110.
130
What is the highest common divisor of 17371123 and 5929?
847
What is the highest common divisor of 3072 and 465404928?
3072
What is the highest common divisor of 75400918 and 2054?
158
Calculate the greatest common factor of 108073843 and 1457.
31
What is the greatest common divisor of 166253541 and 393?
393
Calculate the greatest common factor of 148 and 1278956.
4
Calculate the greatest common divisor of 136591 and 221312.
1729
What is the highest common divisor of 25451445 and 293?
293
What is the highest common factor of 95988 and 3613443?
1263
Calculate the greatest common factor of 10 and 104565430.
10
Calculate the highest common factor of 32 and 1707638.
2
What is the greatest common factor of 85749 and 87567?
303
Calculate the highest common factor of 523026 and 710892.
882
Calculate the highest common divisor of 324 and 52962612.
12
Calculate the greatest common divisor of 177752876 and 164.
164
What is the greatest common factor of 10563593 and 639?
71
Calculate the highest common divisor of 4320 and 33402645.
135
What is the highest common factor of 22321 and 711126?
13
What is the highest common divisor of 21 and 77659743?
21
What is the greatest common factor of 1788020 and 520?
260
Calculate the highest common factor of 1066 and 1078669.
41
Calculate the greatest common factor of 41302498 and 670350.
8938
Calculate the highest common divisor of 44891 and 2045323.
371
What is the greatest common divisor of 326462 and 152938?
94
What is the highest common divisor of 84 and 5350044?
84
What is the highest common factor of 2703 and 550760577?
2703
What is the highest common factor of 3416 and 2864456?
56
Calculate the highest common divisor of 2632 and 532040.
376
What is the highest common divisor of 3426 and 118501914?
3426
Calculate the highest common factor of 1235 and 9607.
13
What is the highest common divisor of 1729400 and 700?
100
Calculate the highest common divisor of 717 and 47370.
3
What is the greatest common divisor of 210 and 656479425?
105
What is the highest common divisor of 17 and 407204213?
17
Calculate the greatest common factor of 76967 and 56815.
11
What is the greatest common divisor of 169858 and 475358?
1222
What is the greatest common divisor of 2 and 851831966?
2
What is the greatest common divisor of 931851 and 192?
3
What is the highest common divisor of 36011249 and 74?
37
Calculate the greatest common factor of 124 and 99130684.
124
Calculate the greatest common divisor of 135 and 15624635.
5
Calculate the greatest common divisor of 4073209 and 2226.
371
What is the highest common factor of 90 and 740018130?
30
What is the highest common divisor of 484 and 26689333?
121
What is the greatest common factor of 470552 and 4454?
262
What is the highest common divisor of 3104055 and 270?
135
What is the greatest common divisor of 270 and 16634790?
90
Calculate the highest common divisor of 2110342354 and 116.
58
Calculate the highest common divisor of 391012 and 10.
2
What is the greatest common factor of 600 and 1804185?
15
What is the highest common divisor of 272613 and 38301?
2253
Calculate the greatest common divisor of 83785099 and 205.
41
What is the highest common divisor of 19440169 and 14?
7
Calculate the greatest common factor of 200922099 and 246.
123
What is the greatest common divisor of 10870 and 35865565?
5435
What is the highest common divisor of 825545 and 2426165?
3605
What is the greatest common factor of 4060 and 10158932?
812
What is the grea